{"id":35955,"date":"2026-02-11T16:08:49","date_gmt":"2026-02-11T16:08:49","guid":{"rendered":"https:\/\/ge.managedwp.agency\/imobiliare\/?post_type=product&#038;p=35955"},"modified":"2026-02-11T16:09:40","modified_gmt":"2026-02-11T16:09:40","slug":"luxury-properties-one-lake-club","status":"publish","type":"product","link":"https:\/\/ge.managedwp.agency\/imobiliare\/produs\/luxury-properties-one-lake-club\/","title":{"rendered":"LUXURY PROPERTIES  ONE LAKE CLUB"},"content":{"rendered":"<p>Proiectat ca un club rezidential, ONE Lake Club ofer\u00e3 apartamente cu design contemporan si numeroase facilit\u00e0ti integrate, redesen\u00e2nd stilul de viat\u00e0 urban \u00een apropierea naturii.<br \/>\nComunitatea de rezidenti se bucur\u00e0 de o serie de servici oferite in cadrul dezvolt\u00e0rii, precum sal\u00e0 de sport, spa si piscin\u00e0 semiolimpic\u00e0 cu deschidere la lac, apartmente cu gradini si spati comerciale la parter, penthouse-uri moderne cu privelisti spectaculoase asupra lacului, precum si un parc cu locuri de joac\u00e0 si spatii de relaxare cu o suprafat\u00e3 de 7.200 de metri patrati.<\/p>\n<p>One Lake Club include 2 cl\u00e4diri cu aproximativ 119 unit\u00e4ti rezidentiale, gr\u00e4dini la parter cu acces direct la parc, precum si 136 de locuri de parcare. Am creat locuinte cu design modern, privelisti spectaculoase si certificare verde, localizate pe malul lacului. Diversitatea include at\u00e2t apartamente cu 1, 2, 3 sau 4 camere, c\u00e2t si penthouse-uri generoase cu privelisti spectaculoase asupra lacului sau apartmente cu gr\u00e4dini private.<br \/>\nLocalizat chiar pe malul Lacului Tei, One Lake Club se bucur\u00e0 de o pozitie excelent\u00e0 pe harta Capitalei, cu acces rapid la Bd.<br \/>\nBarbu V\u00e4c\u00e4rescu, miloace de transport \u00een comun, zona comercial\u00e3 One Gallery din cadrul dezvolt\u00e4rii One Floreasca City, precum si Aeroportul Otopeni si autostrada A3 Bucuresti-Ploiesti. De asemenea, in vecinatatea dezvoltarii exista o gama larg\u00e0 de restaurante, hoteluri, zone comerciale si cladiri de birouri.<\/p>\n","protected":false},"excerpt":{"rendered":"<p>Proiectat ca un club rezidential, ONE Lake Club ofer\u00e3 apartamente cu design contemporan si numeroase facilit\u00e0ti integrate, redesen\u00e2nd stilul de<\/p>\n","protected":false},"featured_media":36029,"template":"","meta":[],"product_brand":[],"product_cat":[2349,2352],"product_tag":[2353,190,2354,2355],"class_list":{"0":"post-35955","1":"product","2":"type-product","3":"status-publish","4":"has-post-thumbnail","6":"product_cat-imobiliare","7":"product_cat-interior-design","8":"product_tag-best-investment","9":"product_tag-luxury-design","10":"product_tag-luxury-properties","11":"product_tag-real-estate","13":"first","14":"instock","15":"taxable","16":"shipping-taxable","17":"product-type-simple"},"_links":{"self":[{"href":"https:\/\/ge.managedwp.agency\/imobiliare\/wp-json\/wp\/v2\/product\/35955","targetHints":{"allow":["GET"]}}],"collection":[{"href":"https:\/\/ge.managedwp.agency\/imobiliare\/wp-json\/wp\/v2\/product"}],"about":[{"href":"https:\/\/ge.managedwp.agency\/imobiliare\/wp-json\/wp\/v2\/types\/product"}],"version-history":[{"count":1,"href":"https:\/\/ge.managedwp.agency\/imobiliare\/wp-json\/wp\/v2\/product\/35955\/revisions"}],"predecessor-version":[{"id":36030,"href":"https:\/\/ge.managedwp.agency\/imobiliare\/wp-json\/wp\/v2\/product\/35955\/revisions\/36030"}],"wp:featuredmedia":[{"embeddable":true,"href":"https:\/\/ge.managedwp.agency\/imobiliare\/wp-json\/wp\/v2\/media\/36029"}],"wp:attachment":[{"href":"https:\/\/ge.managedwp.agency\/imobiliare\/wp-json\/wp\/v2\/media?parent=35955"}],"wp:term":[{"taxonomy":"product_brand","embeddable":true,"href":"https:\/\/ge.managedwp.agency\/imobiliare\/wp-json\/wp\/v2\/product_brand?post=35955"},{"taxonomy":"product_cat","embeddable":true,"href":"https:\/\/ge.managedwp.agency\/imobiliare\/wp-json\/wp\/v2\/product_cat?post=35955"},{"taxonomy":"product_tag","embeddable":true,"href":"https:\/\/ge.managedwp.agency\/imobiliare\/wp-json\/wp\/v2\/product_tag?post=35955"}],"curies":[{"name":"wp","href":"https:\/\/api.w.org\/{rel}","templated":true}]}}