{"id":35952,"date":"2026-02-11T16:08:48","date_gmt":"2026-02-11T16:08:48","guid":{"rendered":"https:\/\/ge.managedwp.agency\/imobiliare\/?post_type=product&#038;p=35952"},"modified":"2026-02-11T16:08:58","modified_gmt":"2026-02-11T16:08:58","slug":"luxury-exclusivist-one-peninsula","status":"publish","type":"product","link":"https:\/\/ge.managedwp.agency\/imobiliare\/produs\/luxury-exclusivist-one-peninsula\/","title":{"rendered":"LUXURY EXCLUSIVIST ONE PENINSULA"},"content":{"rendered":"<p>The most exclusivist project\u2026<\/p>\n<p>Definitia luxului in cel mai exclusivist rezidential, situat in cartierul Floreasca cu o panorama superba spre Lacul Floreasca si numeroase facilitati care sporesc calitatea vietii tale. O arhitectura inovatoare ce rasfata cei mai pretentiosi iubitori de frumos.<br \/>\nOne Peninsula este o dezvoltare reziden\u021bial\u0103 privat\u0103 care exploreaz\u0103 arhitectura modern\u0103 \u0219i experien\u021ba de via\u021b\u0103 \u00een interior\/exterior. Aceast\u0103 colec\u021bie limitat\u0103 de vile, penthouse-uri \u0219i apartamente de lux sunt planificate cu aten\u021bie pentru a crea un sentiment de comunitate pentru a v\u0103 bucura pe deplin de tot ce se g\u0103se\u0219te la One Peninsula.<\/p>\n<p>One Peninsula ofer\u0103 o comunitate bogat\u0103 \u00een facilit\u0103\u021bi, cu spa\u021biu verde amplu \u0219i vederi uria\u0219e la lac: centru de fitness, piscin\u0103, gr\u0103dini \u0219i multe altele.<br \/>\nRe\u0219edin\u021bele noastre moderne, proiectate atent, ecologice, multi-genera\u021bionale, \u00eencorporeaz\u0103 cea mai recent\u0103 tehnologie \u0219i construc\u021bie pentru a oferi o via\u021b\u0103 f\u0103r\u0103 griji la cea mai bun\u0103 calitate.<\/p>\n<p>SPA\u021aIU DE LOCUIT<br \/>\nPe m\u0103sur\u0103 ce intri, livingul de ultim\u0103 genera\u021bie, cu \u00een\u0103l\u021bimea de 3,30 m, va oferi un spa\u021biu amplu de divertisment, \u00een timp ce stilul exclusivist,<br \/>\narhitectura si de invidiat<br \/>\n\u00eemprejurimile v\u0103 pot face dificil s\u0103 p\u0103r\u0103si\u021bi vila confortabil\u0103 \u0219i idilic\u0103.<\/p>\n<p>162 de unit\u0103\u021bi de apartamente high-end 8 vile concept individuale Principii durabile<br \/>\nCertificare Green Homes Vederi panoramice<br \/>\nVarietate \u0219i densitate mare de locuin\u021be Caracter puternic de cartier 25.000 mp teren<\/p>\n<p>Solu\u021bii de schimb GEO<br \/>\nPomp\u0103 de c\u0103ldur\u0103 cu surs\u0103 terestr\u0103<br \/>\nIarna \u00ceNC\u0102LZIRE<br \/>\nR\u0102CIRE \u200b\u200bDE Var\u0103<br \/>\nINSPIRATOR<br \/>\n  \u00cen timp ce cuptoarele \u0219i cazanele conven\u021bionale ard un combustibil pentru a genera c\u0103ldur\u0103, pompele de c\u0103ldur\u0103 geotermale folosesc electricitatea pentru a pur \u0219i simplu transporta c\u0103ldura de pe p\u0103m\u00e2nt \u00een cl\u0103diri, permi\u021b\u00e2nd eficien\u021be mult mai mari, economii de costuri, confort \u0219i siguran\u021b\u0103.<br \/>\nSolu\u021biile de schimb geografic nu emit dioxid de carbon, monoxid de carbon sau alte gaze cu efect de ser\u0103 care contribuie la poluarea aerului. \u00cen plus, deoarece sistemele de geo-schimb nu ard cantit\u0103\u021bi semnificative de combustibil, cum ar fi gazul, petrolul, propanul sau c\u0103rbunele, acestea func\u021bioneaz\u0103 la un cost mai mic \u0219i sunt mult mai curate. \u00cen consecin\u021b\u0103, costurile pentru \u00eenc\u0103lzire \u0219i r\u0103cire nu sunt doar mai mici dec\u00e2t solu\u021biile tradi\u021bionale, ci \u0219i previzibile, oferind autonomie de consum pe termen lung.<br \/>\nC\u0103ldura transferat\u0103 la \u021bevi de la sol \u00een timpul iernii<br \/>\nC\u0103ldura transferat\u0103 de la \u021bevi de la sol \u00een timpul verii<\/p>\n<p>Floreasca este un cartier rafinat care include multe zone verzi cu o densitate a popula\u021biei mai mic\u0103 dec\u00e2t alte p\u0103r\u021bi ale Bucure\u0219tiului. Zona este bine deservit\u0103 de mijloacele de transport \u00een comun \u0219i este foarte aproape de tot felul de facilit\u0103\u021bi \u0219i facilit\u0103\u021bi &#8211; Promenada Mall, situat la doar 10 minute de mers pe jos. Proprietatea se bucur\u0103 de un acces facil la Aeroportul Otopeni. \u00cen imediata apropiere a dezvolt\u0103rii exist\u0103 o gam\u0103 larg\u0103 de restaurante, precum \u0219i hoteluri.<br \/>\nBine conectat cu AUTOBUZ, zone de afaceri \u0219i cump\u0103r\u0103turi, zone de relaxare, centre sportive, tramvai, metrou, zonele de linii ale ora\u0219ului \u00een raza parcurilor din apropiere.<br \/>\nDaca vrei sa faci parte dintr o comunitate cu un stil de viata modern in mijlocul naturii,te asteptam la biroul nostru din zona Floreasca unde va punem la dispozitie toate detaliile pentru o buna investitie. <\/p>\n","protected":false},"excerpt":{"rendered":"<p>The most exclusivist project\u2026 Definitia luxului in cel mai exclusivist rezidential, situat in cartierul Floreasca cu o panorama superba spre<\/p>\n","protected":false},"featured_media":35963,"template":"","meta":[],"product_brand":[],"product_cat":[2349],"product_tag":[],"class_list":{"0":"post-35952","1":"product","2":"type-product","3":"status-publish","4":"has-post-thumbnail","6":"product_cat-imobiliare","8":"first","9":"instock","10":"taxable","11":"shipping-taxable","12":"product-type-simple"},"_links":{"self":[{"href":"https:\/\/ge.managedwp.agency\/imobiliare\/wp-json\/wp\/v2\/product\/35952","targetHints":{"allow":["GET"]}}],"collection":[{"href":"https:\/\/ge.managedwp.agency\/imobiliare\/wp-json\/wp\/v2\/product"}],"about":[{"href":"https:\/\/ge.managedwp.agency\/imobiliare\/wp-json\/wp\/v2\/types\/product"}],"version-history":[{"count":1,"href":"https:\/\/ge.managedwp.agency\/imobiliare\/wp-json\/wp\/v2\/product\/35952\/revisions"}],"predecessor-version":[{"id":35964,"href":"https:\/\/ge.managedwp.agency\/imobiliare\/wp-json\/wp\/v2\/product\/35952\/revisions\/35964"}],"wp:featuredmedia":[{"embeddable":true,"href":"https:\/\/ge.managedwp.agency\/imobiliare\/wp-json\/wp\/v2\/media\/35963"}],"wp:attachment":[{"href":"https:\/\/ge.managedwp.agency\/imobiliare\/wp-json\/wp\/v2\/media?parent=35952"}],"wp:term":[{"taxonomy":"product_brand","embeddable":true,"href":"https:\/\/ge.managedwp.agency\/imobiliare\/wp-json\/wp\/v2\/product_brand?post=35952"},{"taxonomy":"product_cat","embeddable":true,"href":"https:\/\/ge.managedwp.agency\/imobiliare\/wp-json\/wp\/v2\/product_cat?post=35952"},{"taxonomy":"product_tag","embeddable":true,"href":"https:\/\/ge.managedwp.agency\/imobiliare\/wp-json\/wp\/v2\/product_tag?post=35952"}],"curies":[{"name":"wp","href":"https:\/\/api.w.org\/{rel}","templated":true}]}}